{"id":215,"date":"2024-12-18T16:26:06","date_gmt":"2024-12-18T16:26:06","guid":{"rendered":"https:\/\/dev.fss.cd\/?page_id=215"},"modified":"2025-07-28T15:30:53","modified_gmt":"2025-07-28T15:30:53","slug":"digitalisation","status":"publish","type":"page","link":"https:\/\/fss.cd\/index.php\/digitalisation\/","title":{"rendered":"Gouvernance digitale"},"content":{"rendered":"\n<div style=\"color:#0856b5;border-style:none;border-width:1px;border-radius:0;box-shadow:0px 0px 20px 20px undefined ;text-align:left-aligned;padding-left:60px;padding-right:60px;padding-top:0;padding-bottom:30px;opacity:1\" class=\"wp-block-skt-blocks-blockquote left-aligned skt-blocks-font-size-25 skt-blocks-block-quote\"><div class=\"skt-blocks-block-blockquote-item\"><div class=\"skt-blocks-block-blockquote-quote\" style=\"height:70px;width:70px;left:30px;top:20px;opacity:1\"><svg xmlns=\"http:\/\/www.w3.org\/2000\/svg\" viewBox=\"0 0 50 50\"><path d=\"M22.3 30.5c0 6-4.8 10.8-10.8 10.8-2.3 0-4.5-.8-6.3-2-.9-.6-1.8-1.4-2.5-2.4-1.8-2.4-2.7-5.4-2.7-9 0-4.5 1.3-8.5 4-11.9 2.7-3.4 6.4-5.8 11.1-7.3v2.8c-2.7 2.2-4.4 5-4.9 8.3.4-.1.9-.1 1.3-.1 6-.1 10.8 4.8 10.8 10.8zm16.9-10.9c-.5 0-.9 0-1.3.1.5-3.3 2.2-6.1 4.9-8.3V8.7c-4.7 1.4-8.4 3.9-11.1 7.3-2.7 3.4-4 7.4-4 11.9 0 3.6.9 6.6 2.7 9 .8 1 1.6 1.8 2.5 2.4 1.8 1.3 3.9 2 6.3 2 6 0 10.8-4.8 10.8-10.8 0-6-4.8-10.9-10.8-10.9z\"><\/path><\/svg><\/div><span class=\"skt-blocks-block-blockquote-text\" style=\"text-align:left-aligned;font-size:25px;font-weight:600;line-height:1\">\u00ab\u00a0La sant\u00e9 rencontre la technologie (et ils sont totalement d\u2019une \u00e9nergie d\u00e9bordante) !\u00a0\u00bb<\/span><\/div><\/div>\n\n\n\n<figure class=\"wp-block-image size-full\"><img loading=\"lazy\" decoding=\"async\" width=\"2048\" height=\"1881\" src=\"https:\/\/fss.cd\/wp-content\/uploads\/2025\/07\/digitalisation.png\" alt=\"\" class=\"wp-image-1119\" srcset=\"https:\/\/fss.cd\/wp-content\/uploads\/2025\/07\/digitalisation.png 2048w, https:\/\/fss.cd\/wp-content\/uploads\/2025\/07\/digitalisation-300x276.png 300w, https:\/\/fss.cd\/wp-content\/uploads\/2025\/07\/digitalisation-1024x941.png 1024w, https:\/\/fss.cd\/wp-content\/uploads\/2025\/07\/digitalisation-768x705.png 768w, https:\/\/fss.cd\/wp-content\/uploads\/2025\/07\/digitalisation-1536x1411.png 1536w\" sizes=\"auto, (max-width: 2048px) 100vw, 2048px\" \/><\/figure>\n\n\n\n<div style=\"height:30px\" aria-hidden=\"true\" class=\"wp-block-spacer\"><\/div>\n\n\n\n<p class=\"has-text-color has-link-color has-medium-font-size wp-elements-81b9c38019541b5818e618d2b298e256\" style=\"color:#0856b5\">Dites bonjour aux applications qui suivent vos pas, votre sommeil et votre sant\u00e9 mentale, le tout en un seul endroit :<\/p>\n\n\n\n<ul class=\"wp-block-list\">\n<li>Visites de t\u00e9l\u00e9sant\u00e9 en pyjama ? Fait.<\/li>\n\n\n\n<li>L&rsquo;IA qui vous rappelle de vous hydrater ? \u00ab\u00a0La cerise sur le g\u00e2teau\u00a0\u00bb.<\/li>\n\n\n\n<li>Nous fusionnons les meilleurs octets et les contr\u00f4les de tension art\u00e9rielle pour rendre les soins de sant\u00e9 \u00ab\u00a0plus rapides, plus intelligents et beaucoup moins ennuyeux\u00a0\u00bb.<\/li>\n\n\n\n<li>L&rsquo;avenir de la sant\u00e9 n&rsquo;arrive pas&#8230; il est d\u00e9j\u00e0 dans votre poche.<\/li>\n\n\n\n<li>Et la Carte Nationale d\u2019Assurance Maladie en plus!<\/li>\n<\/ul>\n","protected":false},"excerpt":{"rendered":"<p>Dites bonjour aux applications qui suivent vos pas, votre sommeil et votre sant\u00e9 mentale, le tout en un seul endroit :<\/p>\n","protected":false},"author":2,"featured_media":967,"parent":0,"menu_order":0,"comment_status":"closed","ping_status":"closed","template":"","meta":{"footnotes":""},"class_list":["post-215","page","type-page","status-publish","has-post-thumbnail","hentry"],"featured_image_src":"https:\/\/fss.cd\/wp-content\/uploads\/2025\/07\/SERVEUR-DIGITALISATIONok1.png","featured_image_src_square":"https:\/\/fss.cd\/wp-content\/uploads\/2025\/07\/SERVEUR-DIGITALISATIONok1.png","rbea_author_info":{"display_name":"admin1","author_link":"https:\/\/fss.cd\/index.php\/author\/admin1\/"},"rbea_excerpt_info":"Dites bonjour aux applications qui suivent vos pas, votre sommeil et votre sant\u00e9 mentale, le tout en un seul endroit :","rttpg_featured_image_url":{"full":["https:\/\/fss.cd\/wp-content\/uploads\/2025\/07\/SERVEUR-DIGITALISATIONok1.png",1280,280,false],"landscape":["https:\/\/fss.cd\/wp-content\/uploads\/2025\/07\/SERVEUR-DIGITALISATIONok1.png",1280,280,false],"portraits":["https:\/\/fss.cd\/wp-content\/uploads\/2025\/07\/SERVEUR-DIGITALISATIONok1.png",1280,280,false],"thumbnail":["https:\/\/fss.cd\/wp-content\/uploads\/2025\/07\/SERVEUR-DIGITALISATIONok1-150x150.png",150,150,true],"medium":["https:\/\/fss.cd\/wp-content\/uploads\/2025\/07\/SERVEUR-DIGITALISATIONok1-300x66.png",300,66,true],"large":["https:\/\/fss.cd\/wp-content\/uploads\/2025\/07\/SERVEUR-DIGITALISATIONok1-1024x224.png",640,140,true],"1536x1536":["https:\/\/fss.cd\/wp-content\/uploads\/2025\/07\/SERVEUR-DIGITALISATIONok1.png",1280,280,false],"2048x2048":["https:\/\/fss.cd\/wp-content\/uploads\/2025\/07\/SERVEUR-DIGITALISATIONok1.png",1280,280,false]},"rttpg_author":{"display_name":"admin1","author_link":"https:\/\/fss.cd\/index.php\/author\/admin1\/"},"rttpg_comment":0,"rttpg_category":null,"rttpg_excerpt":"Dites bonjour aux applications qui suivent vos pas, votre sommeil et votre sant\u00e9 mentale, le tout en un seul endroit :","_links":{"self":[{"href":"https:\/\/fss.cd\/index.php\/wp-json\/wp\/v2\/pages\/215","targetHints":{"allow":["GET"]}}],"collection":[{"href":"https:\/\/fss.cd\/index.php\/wp-json\/wp\/v2\/pages"}],"about":[{"href":"https:\/\/fss.cd\/index.php\/wp-json\/wp\/v2\/types\/page"}],"author":[{"embeddable":true,"href":"https:\/\/fss.cd\/index.php\/wp-json\/wp\/v2\/users\/2"}],"replies":[{"embeddable":true,"href":"https:\/\/fss.cd\/index.php\/wp-json\/wp\/v2\/comments?post=215"}],"version-history":[{"count":24,"href":"https:\/\/fss.cd\/index.php\/wp-json\/wp\/v2\/pages\/215\/revisions"}],"predecessor-version":[{"id":1123,"href":"https:\/\/fss.cd\/index.php\/wp-json\/wp\/v2\/pages\/215\/revisions\/1123"}],"wp:featuredmedia":[{"embeddable":true,"href":"https:\/\/fss.cd\/index.php\/wp-json\/wp\/v2\/media\/967"}],"wp:attachment":[{"href":"https:\/\/fss.cd\/index.php\/wp-json\/wp\/v2\/media?parent=215"}],"curies":[{"name":"wp","href":"https:\/\/api.w.org\/{rel}","templated":true}]}}